 the units digit of m?
3
Let s(t) = t**2 - 7*t - 6. Let m be s(8). Suppose m*v - 12 = -2*v. What is the units digit of v?
3
Suppose 0 = -p - 1, -5*h + 3*p = -52 - 26. Suppose -4*d - 3 = -h. Suppose 16 = d*m - 2. What is the units digit of m?
6
Let h be (-12)/(-8)*(-16)/(-6). Let v = -6 + h. Let l(j) = -2*j - 3. What is the units digit of l(v)?
1
Let t(b) be the first derivative of -b**2 - 4*b - 2. Suppose 3*a - 5*p - 4 + 6 = 0, a = 3*p + 2. What is the units digit of t(a)?
4
Let b(s) = s**3 - 2*s**2 - 5*s - 2. Let g be (-3)/(-2*(-6)/(-16)). What is the units digit of b(g)?
0
Let v = 19 + 10. What is the tens digit of v?
2
Suppose -2568 = -13*v - 254. What is the units digit of v?
8
Let k be -1*(-3)/(-3)*3. Let t = 9 - k. What is the tens digit of t?
1
What is the units digit of 4 + -3 - (2 + -26*1)?
5
Suppose -2*b + 39 = -41. What is the tens digit of b?
4
Let k = 0 + 12. What is the units digit of k*(10/(-6) + 2)?
4
Let d(v) = 7*v**2 + v + 3. Let w(f) = -f**2 - f - 1. Let i(b) = d(b) + 2*w(b). What is the tens digit of i(-3)?
4
Suppose 2*f + 298 + 92 = 2*v, -2*f - 780 = -4*v. What is the hundreds digit of v?
1
Suppose 4*l = -0*l + 128. Let r = -23 + l. Suppose -x - m = -10, 4*m - m = r. What is the units digit of x?
7
Suppose 7 - 25 = -5*q + 2*p, p = 3*q - 11. Suppose -12 - 73 = -4*z - 5*r, q*z + 2*r = 82. What is the units digit of (-4)/(-12)*(z - -1)?
7
What is the tens digit of -9*(3 + 69/(-9))?
4
Let z(p) = 2*p**3 - 3*p**2 - p - 3. Let d = 15 - 12. What is the units digit of z(d)?
1
Let y = 8 - 0. Suppose y*p = 4*p - 16. What is the units digit of ((-9)/p)/(3/12)?
9
Suppose 4*s + 4*s - 344 = 0. What is the units digit of s?
3
Let t(v) = -v**2 - 10*v - 2. Let b be t(-9). Let r(o) = -13*o - 7. Let c(a) = 19*a + 10. Let k(g) = b*r(g) + 5*c(g). What is the units digit of k(3)?
3
Suppose 3*p + 2*w - 100 = w, -3*p = -2*w - 88. What is the units digit of p?
2
Suppose 3*x + 81 = -9. Let q = x + 43. Let d = 1 + q. What is the tens digit of d?
1
Let j(b) = -2*b**3 - 6*b**2 + 2. Suppose 1 - 9 = 2*x. What is the units digit of j(x)?
4
Let o be 75 + 0 - (4 - 1). Let c = 120 - o. What is the units digit of c?
8
Let l = -48 - -123. What is the units digit of l?
5
Let q(f) = 3*f**2 + 7*f - 4. What is the units digit of q(-6)?
2
Let n(t) = -t**3 - 4*t**2 + 9*t + 6. What is the tens digit of n(-6)?
2
Suppose 4*b + b - 3*w = 542, -4*w - 105 = -b. What is the tens digit of b?
0
Let l(w) = 108*w + 6. Let x be l(-4). What is the tens digit of (-2)/(-6) + x/(-18)?
2
Suppose h = 5*j - 5 + 41, -3*j + 40 = 5*h. Let n = h + -4. Suppose -2*k = -n*k + 15. What is the units digit of k?
3
Let o(b) = 4*b + 8. What is the tens digit of o(6)?
3
Suppose 2*f - 53 = 29. What is the units digit of f?
1
Let m(l) be the third derivative of 5/3*l**3 + 0 + 1/3*l**4 + 0*l - 2*l**2 + 1/60*l**5. What is the units digit of m(-7)?
3
Let q be -1*(-1 + 42 + 0). Suppose -58 = 5*t + 67. Let m = t - q. What is the units digit of m?
6
Suppose f + 3*r = -0*r + 1, f - 3*r - 7 = 0. Suppose -5*b = -f - 121. What is the tens digit of b?
2
Suppose -2*t + 6*t = 56. Suppose 0*m = m - t. What is the units digit of m?
4
Suppose -2*z + 28 = 2*z. Let a = 10 - z. Suppose -28 = -4*d + l, -5*d + 1 + 34 = a*l. What is the units digit of d?
7
Let a(w) = w**2 + 5*w - 3. Let l be a(-6). Suppose 0 = 2*y + l*g - 46, -4*g = -y - 2*g + 23. What is the units digit of y?
3
Let t = -16 - -9. Let o be ((-27)/7 - -3)*t. Suppose -o*u = -2*u - 32. What is the units digit of u?
8
What is the hundreds digit of 5/(24 - 4) + 1686/8?
2
What is the hundreds digit of 136 - (-4 - -9) - -3?
1
Let m be 2 + 0*(-2 + 1). Suppose -d + m = -1. What is the units digit of d?
3
Suppose -2*a - 4*h = 14, -a - 6*h - 22 = -h. Suppose 0*f = f - a. Suppose -f*g = -4*g + 10. What is the units digit of g?
0
Suppose -33 = -2*l + 43. What is the units digit of l?
8
Suppose -7 = u - 4*k, 4*u + 2*k + 31 + 15 = 0. Let l = 39 + u. What is the tens digit of l?
2
Let s = 51 + -20. What is the tens digit of s?
3
Let c(m) = 23*m**3 + 4*m**2 + 9*m - 3. Let i = 1 - 4. Let l(p) = -11*p**3 - 2*p**2 - 5*p + 2. Let r(h) = i*c(h) - 5*l(h). What is the tens digit of r(-1)?
1
Let s(m) = m**3 + 7*m**2 + 8. Let g be s(-7). Suppose g*h - 3*h = 55. What is the units digit of h?
1
Let f be -4 - 2/1*-1. What is the units digit of 8 + 3/(f - -5)?
9
Let s(t) = -12*t + 5. Let o(n) = -n - 1. Let b(h) = 6*o(h) + s(h). What is the tens digit of b(-1)?
1
Suppose -14*x + 669 = -11*x. What is the hundreds digit of x?
2
Let f(v) = -18*v - 4. Suppose -5*c - 4 = 6. What is the units digit of f(c)?
2
Let u(x) be the second derivative of -x**4/12 - 4*x**3/3 + 5*x**2 - 3*x. Let t be u(-10). What is the units digit of (-2)/10 - 82/t?
8
Let d(c) = 6*c + 14. What is the hundreds digit of d(28)?
1
Suppose 3*h - 284 = h. What is the hundreds digit of h?
1
Let j(g) = -g**2 - 5*g. Let w be j(-4). Suppose -m + 50 = w*m. Let c = m + -1. What is the units digit of c?
9
Let x be (231/44)/(1/(-4)). What is the units digit of (-280)/x*(-6)/(-5)?
6
Suppose 9 = 2*k - 1. Suppose -1 = 2*v + 3*i, -2*v + 32 = -k*i - 7. What is the units digit of v?
7
What is the units digit of (-38)/(-4) + 6/12?
0
Let p(z) be the second derivative of 0 + 1/2*z**2 - 3*z + 1/6*z**3 + 1/2*z**4. What is the units digit of p(-1)?
6
Let z = 7 - 3. Suppose -3*u + z*u - 3*j - 11 = 0, 4*j + 10 = -u. What is the units digit of u?
2
Suppose -11*f + 9*f = -138. What is the tens digit of f?
6
Let s be (1 - (-3)/1) + 5. Suppose -4*z = -r + 5 + 7, -r + 5*z = -s. What is the tens digit of r?
2
Let a = 7 - 4. Suppose 10 = -2*x, -5*n - 8*x + a*x - 10 = 0. What is the units digit of (-1 - 2)/((-1)/n)?
9
Suppose 5*z - 78 = -3*c + 29, -245 = -5*c + 5*z. What is the tens digit of c?
4
Let r = -8 - -23. What is the tens digit of r?
1
Let g(h) = 2*h. Let d be g(0). Suppose d*k = 2*k + 2*b - 6, 4*b - 6 = 2*k. What is the units digit of k?
1
Let v = 0 + -2. What is the units digit of v + 8*(2 - 1)?
6
Let b be (-2)/5 + 162/5. Suppose k = 5*k - b. What is the units digit of k?
8
Suppose -3*t - 4*v = t + 168, 5*t - 5*v = -240. Let d be ((-4)/(-5))/((-3)/t). Let q = 17 - d. What is the units digit of q?
5
Suppose 0 - 10 = -5*c. Let n be (-7)/(1 - 6/4). Suppose -3*d + n = 5*w, -4*w - 2 = -0*w - c*d. What is the units digit of w?
1
Suppose 1137 = 6*u + 267. What is the hundreds digit of u?
1
Let g be (-4)/(12/9) - -69. Let c = g + -26. What is the tens digit of c?
4
Let g(l) = -l**2 - 11*l - 8. What is the tens digit of g(-6)?
2
Let h = 311 - 169. What is the tens digit of h?
4
Let r be (-9 - -3)/((-3)/2). Suppose 5*f + 1 = -9, 5*s = -r*f + 12. Suppose -8 = -d - x, -2*d - 3 + 1 = -s*x. What is the units digit of d?
5
Let t(q) = -q**3 - q**2 + q + 61. What is the tens digit of t(0)?
6
Let z be (-2)/6*(-2 - 13). Let t(f) = -f**2 + 7*f - 3. What is the units digit of t(z)?
7
Suppose 0 = 2*s - 91 + 3. Let y = s + -10. What is the units digit of y?
4
Let n(b) = -b**3 - 7*b**2 - 1. Let f be n(-7). Let d be (-1)/f + 2 - -2. Suppose -d*c + 5*l + 5 = -0*l, 3*c - 23 = -2*l. What is the units digit of c?
5
Let n(k) = -k**3 - k**2 + 30. What is the tens digit of n(0)?
3
Suppose -410 = -k - 4*v - 166, 3*k - 672 = 3*v. Suppose -3*w = 3*w - k. What is the units digit of w?
8
Suppose 4*h - 11 - 5 = 0. Let p = h + 1. What is the units digit of p?
5
Let b(k) = 4*k**3 - k**2 - k + 1. What is the tens digit of b(2)?
2
Let x be 70/(-21)*(-3)/2. Let c = -2 + x. What is the units digit of (c - 5)*(-6)/4?
3
Let d be (5 + -1)*31/4. Suppose -4*u + 4*w - 26 = 46, -5*u - 5*w = 80. Let l = u + d. What is the units digit of l?
4
Let y = -9 - -36. Suppose 3*z - y = -m - m, 5*m + 5*z - 55 = 0. Suppose -s + 26 = -h + m*h, -2*h - 3*s = 0. What is the units digit of h?
6
Let f(k) = -k**3 - 9*k**2 + 10*k + 3. Let u be f(-10). What is the units digit of 7 - (1 - (2 - u))?
5
Suppose i + 2*i - 6 = 0. Suppose i*g + 41 = 3*o + 3*g, o - 2*g = 2. What is the tens digit of o?
1
Suppose -4 + 14 = 5*u. What is the units digit of u?
2
Let v(r) be the first derivative of r**2/2 + 2*r + 2. Suppose 3*o - 25 = -2*o. What is the units digit of v(o)?
7
Suppose -3*d - 2*t = -153, -5*d + 4*t = -0*d - 233. What is the units digit of d?
9
Let o be (6*4/6)/(-1). Let x(u) = -3*u - 7. What is the units di